-5).
5
Let r(a) = -4*a**3 + 27*a**2 - 19*a + 15. Calculate r(6).
9
Let k(z) = -z**3 + 5*z**2 - 7*z + 9. Calculate k(4).
-3
Let y(u) = 2*u**2 - u + 5. Determine y(2).
11
Let l(r) = -3*r + 35. Determine l(10).
5
Let i(g) = g**3 + 20*g**2 + 17*g - 47. Determine i(-19).
-9
Let r(m) = -m**3 + 23*m**2 - 74*m - 46. Give r(19).
-8
Let q(c) = -7*c - 87. Calculate q(-11).
-10
Let b(q) = -q**2 - 14*q + 150. What is b(-21)?
3
Let k(w) = w + 16. Calculate k(8).
24
Let u(j) = j + 17. Give u(-29).
-12
Let q(x) = -x**2 + 9*x + 89. Determine q(15).
-1
Let v(t) = t**2 - 11*t - 6. Determine v(11).
-6
Let c(k) = -7*k**2 - k + 2. What is c(1)?
-6
Let m(o) = 6*o - 24. Determine m(6).
12
Let y(i) = -2*i**2 + 39*i - 25. Determine y(19).
-6
Let r(y) = 14*y**2 + 4*y + 6. What is r(-4)?
214
Let t(a) = -a**2 + 2*a + 1. Calculate t(-5).
-34
Let l(c) = c. Give l(5).
5
Let i(y) = 2*y**2 + 34*y + 7. Calculate i(-17).
7
Let j(z) = -z**2 - 12*z - 11. Give j(-7).
24
Let o(w) = w**3 - 5*w**2. Determine o(4).
-16
Let p(n) = n**2 - 8*n - 7. Determine p(4).
-23
Let w(v) = v**3 + v**2 + 4. Calculate w(-2).
0
Let h(o) = o**2 + 5*o - 2. Determine h(-4).
-6
Let j(z) = -z**2 - 3*z + 34. What is j(-8)?
-6
Let x(a) = -a**2 - 28*a - 149. Determine x(-20).
11
Let q(s) = -4*s - 30. Give q(-8).
2
Let f(p) = 24*p + 23. Give f(-1).
-1
Let j(n) = n**3 + 4*n**2 - 2*n - 15. What is j(-3)?
0
Let m(c) = -c**2 + 6. Determine m(7).
-43
Let r(t) = 13*t**2 + 5*t - 6. What is r(3)?
126
Let y(r) = -2*r**3 - 48*r**2 - r - 21. Give y(-24).
3
Let a(o) = -o**3 + o**2 + 3*o + 29. Determine a(0).
29
Let i(v) = -v**2 - 28*v + 134. Calculate i(4).
6
Let j(v) = -11*v + 3. Calculate j(-1).
14
Let b(u) = -u**2 - 8*u + 33. Give b(-10).
13
Let y(k) = k**2 + 15*k - 7. Determine y(-7).
-63
Let m(n) = -5*n - 41. Calculate m(-21).
64
Let p(y) = -4*y - 5. Give p(0).
-5
Let h(t) = 14*t**2 - 2*t - 1. What is h(-1)?
15
Let y(t) = -10*t + 82. What is y(9)?
-8
Let h(p) = 8*p - 239. What is h(30)?
1
Let f(v) = -2*v - 15. What is f(-10)?
5
Let m(q) = 3*q**2 + 23. Determine m(0).
23
Let u(d) = -d**2 - 3*d + 12. What is u(0)?
12
Let m(p) = p**2 - 26*p + 27. What is m(13)?
-142
Let s(i) = 75*i**3 - i**2. Give s(1).
74
Let h(z) = 3*z**3 + 3*z**2 - 2*z + 10. Determine h(-4).
-126
Let j(z) = 3*z + 3. Calculate j(-5).
-12
Let y(q) = -q**2 - 17*q - 22. Calculate y(-16).
-6
Let b(s) = -23*s**2 - s + 1. Determine b(-1).
-21
Let a(r) = r**2 + 5*r - 65. Determine a(6).
1
Let o(x) = 13*x**2 - 6*x + 7. Give o(2).
47
Let z(v) = v**2 + 16*v - 4. What is z(-13)?
-43
Let s(q) = 5*q - 19. Calculate s(3).
-4
Let y(u) = -5*u**2 + 45*u - 69. What is y(7)?
1
Let q(y) = -y**2 + 4*y + 625. What is q(27)?
4
Let s(m) = m**3 + m**2 + 4*m + 1. Calculate s(-3).
-29
Let j(i) = -i**3 - 6*i**2 + 19*i + 25. Give j(-8).
1
Let k(z) = 13*z - 77. Determine k(7).
14
Let g(t) = 36*t - 2340. What is g(65)?
0
Let q(z) = z**3 + 21*z**2 - 3. Give q(-21).
-3
Let g(a) = 5*a. Give g(-1).
-5
Let n(d) = d**2 - 13*d + 11. What is n(8)?
-29
Let i(n) = n**2 - 2*n - 22. What is i(5)?
-7
Let f(q) = 112*q - 6. Determine f(0).
-6
Let i(z) = -z + 4. Determine i(16).
-12
Let f(w) = w**2 + 26*w - 225. What is f(7)?
6
Let b(p) = 4*p**3 - 4*p**2 + 2*p. Calculate b(2).
20
Let j(o) = -3*o - 11. Determine j(-3).
-2
Let z(n) = -7*n + 30. Give z(0).
30
Let u(f) = -2*f**3 - 4*f**2 - f + 2. Give u(-2).
4
Let m(q) = 2*q**2 + 65*q + 75. Give m(-31).
-18
Let v(k) = -2*k + 11. What is v(9)?
-7
Let m(t) = -6*t**2 - t. What is m(-1)?
-5
Let s(p) = p**3 + 15*p**2 + 30*p + 39. Calculate s(-13).
-13
Let q(b) = 256*b + 1786. Give q(-7).
-6
Let u(j) = 3*j**3 + 23*j**2 - 8*j - 3. What is u(-8)?
-3
Let h(i) = -i**2 + 12*i - 12. Calculate h(10).
8
Let c(v) = v**3 + 9*v**2 - 12*v - 25. Determine c(-10).
-5
Let z(o) = -2*o**2 - 10*o - 9. What is z(-4)?
-1
Let c(x) = -x**3 + 41*x**2 + x - 15. Determine c(41).
26
Let v(m) = 3*m**2 + 31*m + 65. Calculate v(-7).
-5
Let w(n) = -5*n - 3. Calculate w(-2).
7
Let r(o) = -o**3 + 11*o**2 + 27*o - 30. Calculate r(13).
-17
Let m(b) = b**3 + 3*b**2 - 8*b - 10. Calculate m(-5).
-20
Let d(y) = 11*y - 135. Calculate d(12).
-3
Let z(g) = 28*g**3 + g**2 + 2*g + 1. Calculate z(-1).
-28
Let m(q) = -q**2 + 16*q + 35. What is m(17)?
18
Let k(f) = f**3 + 3*f**2 - 4*f. Give k(-4).
0
Let k(h) = h**3 - 10*h**2 - 13*h + 23. Give k(11).
1
Let i(b) = -2*b - 5. Give i(-3).
1
Let g(b) = -3*b - 4. Determine g(-3).
5
Let f(p) = 9*p - 27. Give f(5).
18
Let n(q) = q**3 + 2*q**2 - 3*q - 5. What is n(-2)?
1
Let b(t) = -2*t**2 - 13*t - 34. Give b(-5).
-19
Let j(t) = -13*t + 26. Determine j(8).
-78
Let o(y) = y**2 - 7*y + 5. Calculate o(8).
13
Let u(y) = -7*y - 7. Calculate u(0).
-7
Let d(k) = 4*k - 10. Give d(-3).
-22
Let w(h) = -h - 23. Determine w(-5).
-18
Let y(i) = -16*i - 193. Give y(-12).
-1
Let w(k) = k**2 - 13*k + 23. Determine w(11).
1
Let q(v) = -3*v**2 + 10*v + 18. Determine q(-3).
-39
Let c(j) = -j**2 + 14*j + 34. What is c(16)?
2
Let x(f) = -f**2 - 8*f + 2. What is x(-7)?
9
Let f(c) = -c - 8. Determine f(1).
-9
Let w(j) = -j**3 - 4*j**2 + 2*j + 12. Give w(-4).
4
Let w(l) = -69*l**2 - 1. Determine w(1).
-70
Let o(t) = t**3 - 3*t**2 + t + 4. Give o(-2).
-18
Let r(a) = -5*a**3 + 3*a**2 - 5*a + 5. Determine r(2).
-33
Let a(g) = 98*g - 587. Determine a(6).
1
Let n(l) = l**2 + 4*l - 6. Calculate n(-5).
-1
Let a(r) = -r**3 - 8*r**2 - 3*r + 13. What is a(-7)?
-15
Let u(l) = -8*l - 167. Determine u(-23).
17
Let g(z) = -z**2 + 11*z - 96. What is g(9)?
-78
Let m(y) = -y**3 - 11*y**2 + 2*y + 10. Determine m(-11).
-12
Let r(c) = -116*c - 16. Give r(-1).
100
Let l(k) = -k**2 - 9*k - 27. Determine l(-8).
-19
Let y(m) = -2*m**2 - 3*m + 3. Determine y(2).
-11
Let x(p) = -p**3 - 6*p**2 + 2*p + 13. What is x(-6)?
1
Let v(i) = -2*i**3 - 5*i**2 - 3*i + 6. Give v(-2).
8
Let g(w) = -w**3 - 3*w**2 - 6. What is g(-4)?
10
Let z(s) = 2*s**3 + 17*s**2 - 8*s + 10. Give z(-9).
1
Let i(p) = p**3 - 11*p**2 + 25*p - 51. Give i(9).
12
Let u(y) = 8*y**2 - 2*y - 1. Determine u(-1).
9
Let j(q) = -8*q - 9. What is j(-3)?
15
Let y(a) = -a**2 + 3. Determine y(0).
3
Let d(m) = -m**2 + 13*m + 23. Calculate d(15).
-7
Let f(c) = 14*c - 6. Give f(4).
50
Let c(q) = q**3 - 61*q**2 - 549*q - 202. Determine c(69).
5
Let m(u) = -2*u**2 + 5*u - 7. Give m(-6).
-109
Let c(k) = 2*k + 1. What is c(-3)?
-5
Let v(w) = 6*w - 4. Calculate v(-6).
-40
Let o(h) = -4*h**2 - 7*h - 2. Determine o(-6).
-104
Let n(z) = z**3 + z**2 + 32. Calculate n(0).
32
Let p(j) = -17*j - 144. Determine p(-9).
9
Let n(s) = -8*s + 5. Determine n(4).
-27
Let p(z) = -31*z**2 - 2*z - 3. What is p(-1)?
-32
Let u(f) = f**3 + 6*f**2 - 3*f - 6. What is u(-6)?
12
Let k(n) = -19*n - 10. Determine k(-2).
28
Let v(p) = p**2 + p - 3. Determine v(2).
3
Let z(w) = -5*w**3 - w**2 + w - 2. Calculate z(-2).
32
Let t(c) = -31*c + 1. What is t(-1)?
32
Let d(r) = 6*r - 14. Give d(-9).
-68
Let y(j) = -2*j**3 - 2*j**2 + 3*j + 3. Determine y(-2).
5
Let m(g) = -g**2 + 12*g - 35. What is m(6)?
1
Let c(d) = -6*d**3 + 9*d**2 + 3*d - 3. Give c(2).
-9
Let a(f) = -f**3 + 3*f + 8. What is a(4)?
-44
Let n(d) = -2*d**3 + d**2 + 5*d. Calculate n(3).
-30
Let p(i) = -9*i**3 - i. Give p(-1).
10
Let z(u) = u**2 + 3*u - 3. Give z(-5).
7
Let v(f) = f**2 - 3*f + 6. Give v(3).
6
Let h(y) = y**3 + 4*y**2 - 3. Determine h(-3).
6
Let q(a) = a**3 + 11*a**2 + 21*a + 3. Determine q(-6).
57
Let x(u) = 48*u - 191. Determine x(4).
1
Let r(a) = -a**3 + 21*a**2 - 7*a + 156. What is r(21)?
9
Let z(d) = 38*d + 119. Determine z(-5).
-71
Let a(f) = -2*f**3 - f**2 + f - 2. Determine a(-2).
8
Let u(l) = l**2 - 13*l + 1. Calculate u(10).
-29
Let k(x) = -x**2 + 10*x - 4. Calculate k(11).
-15
Let f(g) = 2*g**2 - 7*g + 3. What is f(8)?
75
Let s(c) = c**3 + 10*c**2 + 13*c + 16. What is s(-9)?
-20
Let w(s) = -s**3 - 9*s**2 - 8*s + 8. Give w(-8).
8
Let f(d) = d**2 + 3*d - 11. Determine f(7).
59
Let l(n) = -2*n**2 - 13*n - 16. Give l(-5).
-1
Let m(b) = 26*b**2 + 4*b + 9. Determine m(-2).
105
Let k(b) = -b**3 + 53. What is k(0)?
53
Let u(q) = 12*q**2 - q - 1. Give u(-1).
12
Let l(d) = -d**2 - 3*d + 1. Calculate l(-2).
3
Let f(b) = 27*b + 429. What is f(-16)?
-3
Let j(d) = d**3 - 4*d**2 - d + 1. Determine j(3).
-11
Let f(x) = 14*x - 12. What is f(-7)?
-110
Let q(w) = -w**3 + 7*w**2 + 7*w - 7. Give q(5).
78
Let r(z) = -z**3 + 3*z**2